= -7 + 9. Let n be ((-2)/(-3))/(c/3). Calculate the greatest common divisor of n and t.
1
Suppose -15 = 3*u, 3*a - 5*u = -134 + 510. What is the greatest common divisor of 13 and a?
13
Suppose -q = 5*f + 3*q - 48, 0 = 5*f + 3*q - 51. What is the highest common divisor of f and 6?
6
Let l(i) = i**3 + i**2 + 2*i + 1. Let k be l(2). Calculate the highest common factor of k and 187.
17
Suppose 6*u - 73 = 41. What is the greatest common factor of u and 76?
19
Let u(f) = -9*f. Let l be -2*((-6)/4)/(-3). Let b be u(l). Suppose -20 = -5*g, -340 = -4*h - 3*g - g. Calculate the greatest common factor of b and h.
9
Suppose 0*z - 5*p = -z + 24, 5*z + 2*p = 120. Suppose 5*b = w - 64 - 23, 3*b = 4*w - 59. Let v = b + z. What is the greatest common factor of 35 and v?
7
Let g(x) = 0 - 1 - 3 - 2*x. Let f be g(-10). Let q be (41 - 1)/(1 + 0). What is the greatest common factor of f and q?
8
Let r(d) = -d**2 + 8. Let p be r(0). Let c be (9/12)/(5/480). Calculate the greatest common factor of c and p.
8
Suppose -8*h = -3*h - 240. What is the highest common factor of h and 32?
16
Suppose -h = -4*u - 3, h - 1 - 2 = -u. Suppose 3*b - 36 + 6 = u. Let q be 318/b + 1/5. Calculate the highest common factor of q and 8.
8
Suppose 3*i + 2 - 82 = -4*t, 2*i - 38 = 5*t. Calculate the greatest common divisor of 18 and i.
6
Let b = 13 - 8. Suppose 4*d = 3*d + b*q - 5, -3*q = 2*d - 16. Suppose 4*i + 4*j + 92 - 384 = 0, 85 = i + d*j. What is the highest common factor of 14 and i?
14
Suppose 2*q - 7*q + 525 = 0. Suppose 4*h = h + 45. Calculate the greatest common factor of h and q.
15
Let x be 1 + (3/12 - 14/(-8)). Let j be (2 + -5)/((-1)/(-5)). Let f be 2/7 + j/(-21). What is the highest common divisor of f and x?
1
Let v(u) = -5*u - 5. Let w be v(7). Let i = w + 92. Suppose -5*o + o = -i. Calculate the greatest common divisor of 13 and o.
13
Let d be 12/(-5) - (-4)/10. Let k(n) = 9*n + 3. Let o be k(d). Let q = o - -29. What is the greatest common divisor of q and 7?
7
Suppose 4*u + 2 = 5*u. Let i be (16 - -1)*4/u. What is the highest common divisor of 17 and i?
17
Let p = 183 - 172. Calculate the greatest common factor of p and 55.
11
Let m(w) = 7*w - 72. Let h be m(12). What is the highest common divisor of 4 and h?
4
Suppose 353 = 28*i - 767. Suppose -2*j = 3*o - 13, 2*o = 7*o - 2*j + 5. Let z be ((-4)/3)/(o/(-6)). Calculate the greatest common factor of i and z.
8
Let z be ((-13)/(-5) - -2)*5. What is the greatest common divisor of z and 207?
23
Suppose 9*x = -69 + 321. Calculate the highest common divisor of 28 and x.
28
Let b(i) = i - 4. Let a be b(6). Suppose z - h - 8 = 0, -5*z - a*h + 4*h = -40. Let r = -3 + z. What is the greatest common factor of r and 1?
1
Suppose -5*w = -2*a - 254 - 56, 2*a + 10 = 0. Calculate the highest common divisor of 12 and w.
12
Suppose -c = n - 17, 2*c - n + 8 = 45. Suppose 6*v - 8*v = -2*h - 10, 4*v = -3*h - 1. Calculate the greatest common divisor of v and c.
2
Suppose -15 = 2*a - 63. What is the highest common factor of 24 and a?
24
Let d be 3/6*2*-6. Let v(h) = -2*h - 5. Let q be v(d). Calculate the greatest common divisor of 21 and q.
7
Suppose -4 = -5*z + 1. Let r be (-2)/1 - (z + -8). What is the greatest common divisor of 10 and r?
5
Let v = 71 + -33. Suppose -2*h = 4*o - 28, -3*h - 5*o = -0*h - v. Calculate the highest common factor of 30 and h.
6
Let f be 0/(-1) - 1 - -16. Let z = 6 + -1. Suppose -5*y = 5*c - f, -y - z = 3*c - 6*c. What is the greatest common divisor of c and 22?
2
Let t = 18 + -27. Let p = t - -5. Let q be p/(-14) + 766/14. What is the greatest common factor of 5 and q?
5
Suppose 0 = -2*i + 3*i - 136. Let m = 7 - 3. Suppose -y - r - 19 = -2*y, 2*r = -m. What is the greatest common divisor of i and y?
17
Let k be 4/(((-3)/(-1))/3). Let n(l) = l - 1 + 0 + 0. Let o be n(5). What is the highest common divisor of o and k?
4
Suppose 5*l = 2*l + 3, 0 = 2*j - 5*l - 17. Calculate the highest common factor of j and 176.
11
Let b = 144 + -34. What is the highest common divisor of 44 and b?
22
Suppose -3*a + 3*u = -144 - 33, 5 = 5*u. Calculate the greatest common factor of 90 and a.
30
Let d = 264 + -184. Let u(g) = -2*g. Let p be u(-5). Calculate the highest common divisor of p and d.
10
Let s(u) = -2*u**2 - 10*u + 14. Let q be s(-6). Calculate the greatest common divisor of 8 and q.
2
Let b be 50/(-4) + 1/(-2). Let x = 37 + b. Suppose 2*d - t = 76, -d = 2*d + 5*t - 88. Calculate the greatest common factor of x and d.
12
Let x(r) be the first derivative of r**3/3 - 2*r**2 - 4*r - 1. Let a be x(6). Calculate the greatest common divisor of 56 and a.
8
Let k(u) = u**2 - 4*u - 2. Let d be k(5). Suppose -6*y = -d*y - 24. Calculate the greatest common divisor of 20 and y.
4
Let s(q) = q**2 - 1. Let b be s(-7). Calculate the highest common factor of b and 32.
16
Let z be (0 - 1)/(2/(-22)). Let f(t) = -t**2 + 3*t - 1. Let y be f(2). What is the greatest common factor of z and y?
1
Suppose 0 = -t - v + 40 + 1, 0 = -2*t - v + 86. Let j = -1 + 2. Let s be (j - 2)/(-1)*18. Calculate the greatest common divisor of t and s.
9
Let x(i) = i**3 + 17*i**2 + 14*i - 20. Let d be x(-16). Calculate the highest common divisor of d and 132.
12
Suppose -u = -2*h + 4*u + 160, 3*h - 215 = -5*u. Let d(i) = -32*i - 2. Let v be d(-1). What is the highest common factor of h and v?
15
Let x be (-2 + 329 + 4)*1. Let o(t) = -235*t**3 - t**2 + 1. Let q be o(-1). Let c = x - q. What is the greatest common divisor of 12 and c?
12
Let q(l) = 15*l**2 - l. Let c be q(-1). Suppose 0*o = 2*o. Suppose 2*d = 4 - o. Calculate the highest common divisor of d and c.
2
Suppose 4*j + 8 = 0, -2*d = 3*d + 4*j - 47. Let i = -3 - -2. Let o be (-1)/((-12)/11 - i). What is the greatest common divisor of d and o?
11
Let h(q) = q + 10. Suppose 46 = -5*r + 3*z, 4*r + 2*z - 5*z + 38 = 0. Let v be h(r). What is the greatest common factor of v and 18?
2
Let t = -143 - -359. What is the greatest common divisor of 27 and t?
27
Let x be -15*9/(-6)*2/3. What is the greatest common divisor of x and 165?
15
Suppose -1 = 3*r + 5. Let l be (1/r)/((-1)/6). Suppose -24 = -l*k + 57. Calculate the greatest common divisor of k and 18.
9
Let o be (32 + 1)/(-1)*-2. Calculate the highest common factor of o and 44.
22
Let z = 7 + -17. Let d = 40 + z. What is the highest common factor of d and 330?
30
Let o(l) = -2*l - 2. Let z be o(-3). Suppose -7 = 3*q - z*q. What is the greatest common factor of q and 49?
7
Suppose 0 = 2*t - 6*t + 1120. Calculate the greatest common factor of 35 and t.
35
Suppose -c - r + 49 = 0, 5*c + 3*r - 225 = 16. Suppose 0 = -l - 5*d + 19, 16 = -4*l + d + 2*d. Let t = c - l. Calculate the greatest common divisor of t and 6.
6
Suppose 39*z - 44 = 37*z. Suppose 2*o - 138 = o. Let n = 193 - o. What is the greatest common divisor of n and z?
11
Suppose -5*c = 4*k - 32, k = -k - 5*c + 26. Suppose 4*i - 13 = k*i. Calculate the greatest common factor of i and 52.
13
Let t(k) = 55*k - 226. Let h be t(5). Let u = -10 - -17. What is the highest common factor of u and h?
7
Suppose 0*p - 66 = -p. Let m be (-9)/5*(1 + 130/(-30)). Calculate the greatest common divisor of m and p.
6
Let t be (-1)/(-1) - (-9)/1. Suppose -7*x + 210 = -4*x. Calculate the greatest common factor of x and t.
10
Suppose 0*m + 12 = m. Suppose -4*w = -3*w - m. What is the highest common divisor of 8 and w?
4
Suppose -5*o + 71 = r, 0 = -2*o - o + r + 49. What is the highest common factor of o and 135?
15
Suppose 0 = 4*v - 2*v - 48. Calculate the greatest common divisor of 8 and v.
8
Let m be 9/3 + (-3 + 35 - -4). Calculate the highest common factor of m and 429.
39
Suppose 0 = 3*y + 5*k + 15, 5*k + 20 = 3*y + 5. Suppose -5*p - 5*x + 110 = y, -4*p - 5*x + 40 = -46. What is the greatest common divisor of 6 and p?
6
Suppose -2*c = -10, 3*z - 7*c - 22 = -3*c. Calculate the highest common divisor of z and 28.
14
Suppose -4*r + 19 = h, 5 + 4 = 2*r + h. Let p be ((-8)/5)/((-6)/75). What is the highest common factor of r and p?
5
Let i = 54 + -30. Calculate the highest common factor of i and 18.
6
Let d be 3/3 + (-14)/(-2). What is the greatest common factor of d and 12?
4
Let r(t) = 7*t**2 + 2*t + 3. Let x be (-36)/21 + (-4)/14. Let i be r(x). Calculate the highest common factor of i and 3.
3
Suppose 0*j = 3*h - 2*j - 1